t is 12b581 - -1?
12b582
In base 9, what is 0 + 20550?
20550
In base 3, what is 2020 + 202211000?
202220020
In base 11, what is 55 - 7205?
-7160
In base 7, what is 62633441 + -5?
62633433
In base 4, what is 13302 + 1012?
20320
In base 16, what is 11e5 + -51b?
cca
In base 12, what is 32b5 - 186?
312b
In base 7, what is 52 - -41100?
41152
In base 6, what is 5 - 1534514?
-1534505
In base 2, what is 10001 + 110010110001?
110011000010
In base 8, what is -334205 + -2?
-334207
In base 8, what is -4 + -27752?
-27756
In base 8, what is 127102 - 15?
127065
In base 10, what is 5 - 228843?
-228838
In base 4, what is -31032003122 + 2?
-31032003120
In base 15, what is -1 + -ea88?
-ea89
In base 2, what is -10 + 100101000001101110001?
100101000001101101111
In base 14, what is a23dc + 1?
a23dd
In base 7, what is -245 + -62632?
-63210
In base 10, what is -350 - -124?
-226
In base 4, what is -11131 + -100?
-11231
In base 3, what is -100220 + 112011211?
111210221
In base 4, what is 0 - -2020333113?
2020333113
In base 6, what is 24524 + -120?
24404
In base 4, what is 3 - -101321323?
101321332
In base 14, what is 116c + -14?
1158
In base 11, what is 197821a - 5?
1978215
In base 3, what is 111222221 + 120?
112000111
In base 9, what is -4345 - 22?
-4367
In base 12, what is -27b3 + 22a?
-2585
In base 8, what is -2020 + -4521?
-6541
In base 7, what is 113100 + -1?
113066
In base 15, what is 2 - 225a6?
-225a4
In base 15, what is d + 22bc4?
22bd2
In base 8, what is 4266 - -35?
4323
In base 14, what is 16653 - -74?
166c7
In base 5, what is -104014 + 3310?
-100204
In base 11, what is -2317 + -1?
-2318
In base 16, what is 5 - 22af9?
-22af4
In base 5, what is 124343 - 202?
124141
In base 14, what is -23b + da?
-141
In base 11, what is 2597 + -172?
2425
In base 5, what is 13222 - -1?
13223
In base 6, what is -33215432 - 0?
-33215432
In base 13, what is 5 - -17b17?
17b1c
In base 15, what is 9b9e + 12?
9bb1
In base 4, what is -20003 + -101302?
-121311
In base 10, what is 560529 - -2?
560531
In base 3, what is 21221021 - -11?
21221102
In base 10, what is 11 - -2316?
2327
In base 16, what is d83 - -91?
e14
In base 15, what is 18 - -6915?
692d
In base 7, what is 2 + -302650?
-302645
In base 7, what is -1412 - -20?
-1362
In base 11, what is -50 - -9567?
9517
In base 3, what is 1001011212 - 10?
1001011202
In base 15, what is 24 - 6bb?
-697
In base 14, what is 3dd + 123d?
163c
In base 4, what is 1 + -121111001?
-121111000
In base 2, what is -10010110011010 + 10100?
-10010110000110
In base 2, what is 10111000011100011 + -10?
10111000011100001
In base 7, what is -1035 - -1?
-1034
In base 9, what is -134 + 1431?
1286
In base 10, what is 2 - 29942?
-29940
In base 5, what is 20043 + -2?
20041
In base 12, what is -5 - -61017?
61012
In base 13, what is 5 + -2848?
-2843
In base 7, what is 24 + -22443?
-22416
In base 10, what is 1823 + -222?
1601
In base 13, what is -3115b - -3?
-31158
In base 4, what is -1 - -2111001303?
2111001302
In base 7, what is -5 - -2000240?
2000232
In base 13, what is -1a7c - 19?
-1a98
In base 13, what is 68662 + 5?
68667
In base 5, what is 4230204 + 223?
4230432
In base 12, what is 686 + -763?
-99
In base 11, what is 2 + 12806?
12808
In base 10, what is 447 + -241?
206
In base 4, what is 112 + 313201?
313313
In base 13, what is -c7008 + 3?
-c7005
In base 15, what is 36 + -a29?
-9e3
In base 6, what is 1014023 + -3?
1014020
In base 15, what is 0 - -212?
212
In base 16, what is -1be + -145?
-303
In base 9, what is 252451 - -2?
252453
In base 4, what is 101 + 2230201?
2230302
In base 8, what is -4 - -3271?
3265
In base 7, what is 112 - 200006?
-166564
In base 15, what is 3 - 61ca?
-61c7
In base 15, what is -29 + -1845?
-186e
In base 5, what is 341 - 11034?
-10143
In base 4, what is -2 - 2121310212?
-2121310220
In base 8, what is -235 - 23?
-260
In base 11, what is 0 + 602794?
602794
In base 10, what is -5504 - 5?
-5509
In base 7, what is 1 - -2222214?
2222215
In base 15, what is -3ea + -31?
-42b
In base 9, what is -130348 + -2?
-130351
In base 15, what is -18802 - -5?
-187ec
In base 7, what is -4 - -6650?
6643
In base 3, what is -1 + -20012122?
-20012200
In base 12, what is -7 + -52978?
-52983
In base 6, what is 15153 + 543?
20140
In base 2, what is -1010000111101110 + -101?
-1010000111110011
In base 7, what is 0 - -100430?
100430
In base 8, what is -11 - -134147?
134136
In base 3, what is 1 - -1111100?
1111101
In base 3, what is 12011201 + 2011?
12020212
In base 5, what is 24 + 2014043?
2014122
In base 10, what is 349 + -5421?
-5072
In base 9, what is 4241 + -60?
4171
In base 6, what is 2513405 - -1?
2513410
In base 3, what is 2 - 12110221?
-12110212
In base 12, what is -6 + 11821?
11817
In base 4, what is 3 - 1313210?
-1313201
In base 4, what is -12323 - 100002?
-112331
In base 15, what is 24 + -199e?
-197a
In base 14, what is 1 + -7dbb4?
-7dbb3
In base 10, what is 13 - 47457?
-47444
In base 5, what is -2 - -2102034?
2102032
In base 11, what is -10a73 - -1?
-10a72
In base 15, what is 2c8977 + 5?
2c897c
In base 14, what is 2 - 8b62?
-8b60
In base 5, what is -1424 - -102?
-1322
In base 6, what is 2 + -35451?
-35445
In base 4, what is -3211121 + -1010?
-3212131
In base 2, what is 1110110 + -1101111010101?
-1101101011111
In base 16, what is -5 - 1a5bd?
-1a5c2
In base 2, what is 110010001101100100011 - 1?
110010001101100100010
In base 14, what is 22674 + -4?
22670
In base 10, what is 1018 + -96?
922
In base 15, what is -e5 + a?
-da
In base 12, what is -1173b + 2?
-11739
In base 6, what is -2 + -1115440?
-1115442
In base 2, what is 1111110110000001110 - 1?
1111110110000001101
In base 5, what is 3 - -11141443?
11142001
In base 4, what is -13 - 2000230?
-2000303
In base 12, what is -1 - 17899a?
-17899b
In base 9, what is 5267840 - -1?
5267841
In base 7, what is 22356 - -303?
22662
In base 3, what is 1101222 - 12101?
1012121
In base 2, what is 100 + -1111010011101100?
-1111010011101000
In base 16, what is -1 - -31fc4?
31fc3
In base 4, what is 3 + 2012213?
2012222
In base 5, what is 0 - -13414043?
13414043
In base 14, what is 794 + -298?
4da
In base 3, what is -101 - 2012?
-2120
In base 15, what is -175c - -51?
-170b
In base 8, what is 3360 + -162?
3176
In base 3, what is -10 - -1200212121?
1200212111
In base 9, what is -155 + -1111?
-1266
In base 2, what is -11 - -1011111011110000001?
1011111011101111110
In base 13, what is -266 + cc6?
a60
In base 13, what is 216 - 4b6?
-2a0
In base 3, what is 2020021212210 - 0?
2020021212210
In base 10, what is -234787 - 1?
-234788
In base 8, what is 1230 + -1?
1227
In base 5, what is -314201420 - -2?
-314201413
In base 6, what is -45 + 1542?
1453
In base 2, what is -100110010010 - 101?
-100110010111
In base 8, what is -6603 - -31?
-6552
In base 3, what is 2012 + 120010201?
120012220
In base 14, what is -54477 + 2?
-54475
In base 4, what is 12113212 - -11?
12113223
In base 14, what is 1ad + -1ba?
-b
In base 10, what is 3603 + -416?
3187
In base 16, what is 10 + 1e5?
1f5
In base 10, what is 6 - 275403?
-275397
In base 5, what is 4 - 1020202?
-1020143
In base 14, what is -8a3a - 3?
-8a3d
In base 9, what is -2 - -3168?
3166
In base 12, what is 1503 + 8?
150b
In base 10, what is -1217218 - 3?
-1217221
In base 4, what is -1110303 + -2032?
-1113001
In base 3, what is 2221 + -21112?
-11121
In base 3, what is -22102201002 + -2?
-22102201011
In base 11, what is 12432 - 176?
12267
In base 16, what is 4c70 - -1?
4c71
In base 14, what is -1657935 - -4?
-1657931
In base 9, what is 1 - -35862?
35863
In base 2, what is -11110011 + -11111101?
-111110000
In base 10, what is 67859 - 7?
67852
In base 2, what is 0 - 110100110?
-110100110
In base 9, what is 548400 - 0?
548400
In base 14, what is -2 + 4c0d?
4c0b
In base 8, what is -52764 - -3?
-52761
In base 14, what is 63bd33 - 3?
63bd30
In base 7, what is -10 - -3326?
3316
In base 8, what is 503 - -1000?
1503
In base 12, what is 18 - 657?
-63b
In base 13, what is 1130 + -b?
1122
In base 12, what is -5 - 29570?
-29575
In base 11, what is 6 - 42a331?
-42a326
In base 15, what is 171 - -4?
175
In base 13, what is b - -b11?
b1c
In base 10, what is 168 + 1608?
1776
In base 2, what is 1111101001 + 10000100111?
100000010000
In base 9, what is -10304301 - 0?
-10304301
In base 15, what is -3 - -25a22?
25a1e
In base 8